8 + 1505. Suppose 3 + 3 = 2*j. Calculate the remainder when m is divided by j.
1
Let y be (2/(-2))/(-5 - 732/(-146)). Let l = -50 - y. What is the remainder when 90 is divided by l?
21
Suppose 0 = -8*g - 12*g + 1040. Suppose -26 - 7 = -3*l. What is the remainder when g is divided by l?
8
Let s(x) = -x**3 + 6*x**2 - 3*x + 1. Suppose 4*f - 4*a = 543 - 203, -2*a + 240 = 3*f. Calculate the remainder when f is divided by s(4).
19
Calculate the remainder when (12/(-21))/(-2) - (-16776)/84 is divided by 47.
12
Let o = -27 + 51. Calculate the remainder when (-220)/(-5) + (2 - 2) is divided by o.
20
Suppose 329*z + 780 = 339*z. Calculate the remainder when z is divided by 16.
14
Suppose -2*t + 101 = -9. Suppose f - t + 9 = -4*l, 0 = -2*l + 5*f + 34. Calculate the remainder when 34 is divided by l.
10
Let h(z) = -5*z + 18. Suppose -3*x = -7*x + 332. Calculate the remainder when x is divided by h(-5).
40
What is the remainder when 12/3 - (-42 + 7) is divided by 26?
13
Suppose 5*u + 28 = 4*f, -2*f + u = 1 - 9. Suppose 0 = -f*b + 7 + 7. Suppose 2*n + 525 = b*n. What is the remainder when n is divided by 27?
24
Suppose -s + 4 = 1. Let b be (-1 + 2)*(-298)/((-6)/3). Suppose 8 = -s*d + b. What is the remainder when d is divided by 12?
11
Suppose 6*c = c - c. Let i = -12 + 20. Suppose i = -c*h + h. Calculate the remainder when 15 is divided by h.
7
Let h(q) = 4*q**2 + 10*q - 1. Let z(v) = -17*v**2 - 41*v + 5. Let c(u) = 9*h(u) + 2*z(u). Calculate the remainder when c(-6) is divided by (-120)/36*18/(-4).
10
Let q be 0/(-5 - (-8 - -4)). What is the remainder when (q - (-33)/(-15))*-5 is divided by 4?
3
Let f(a) = -a**3 - 12*a**2 + 43*a - 10. Let j = -81 + 120. Calculate the remainder when j is divided by f(-15).
19
Let p be ((-5 - -1) + 3)*-21. Let d = -17 + p. Calculate the remainder when 13 is divided by d.
1
Let w = 2591 - 2227. Calculate the remainder when w is divided by 16.
12
Let b(y) = 2*y**2 - y - 4. Let q = -90 + 157. What is the remainder when q is divided by b(-3)?
16
Suppose 12*x - 6*x = 300. What is the remainder when 125 is divided by x?
25
Calculate the remainder when 57 is divided by 104 + -106 + 1*33 + -1.
27
Let n(i) = 25*i**2 + 3*i + 7. Let a(h) = h**3 + 6*h**2 + 10*h + 23. Let w be a(-5). Calculate the remainder when n(w) is divided by 6.
5
Suppose -12 = 3*t - 3*g, 0 = 5*t - 5*g + 3*g + 23. Let k(q) = 2*q**2 + 4*q - 2. What is the remainder when k(t) is divided by 16?
12
Let n(a) = a**3 + 6*a**2 + 3*a - 7. Suppose 2*m + 5*i - 2 = 0, 2*m + 0*m = i - 22. Let f = 10 + m. Calculate the remainder when n(-5) is divided by f.
0
Let k = 225 + -173. Calculate the remainder when 258 is divided by k.
50
Suppose -7*q = -3*q - 504. Let h = q - 101. Let o = -8 + 17. What is the remainder when h is divided by o?
7
Let d(b) = 40*b - 70. What is the remainder when d(5) is divided by 68?
62
Suppose -2*i - 23*x = -18*x - 73, 0 = 2*i - 5*x - 43. Calculate the remainder when 54 is divided by i.
25
Let j = -44 - -194. Let o(q) = q - 3. What is the remainder when 435/j + 2/20 is divided by o(4)?
0
Calculate the remainder when -6 - 2805/(-20) - 6/(-8) is divided by 28.
23
Let y be 1 + 1 - (-2 + -2 + 5). Let t(x) = 5*x**2. Calculate the remainder when 10 is divided by t(y).
0
Let f(t) = 19*t**3 + 2*t**2 - 1. Suppose -6 = 2*d + x + 10, -4*d - 16 = -2*x. Let c = 7 + d. Calculate the remainder when f(c) is divided by 11.
9
Let x = -754 + 781. What is the remainder when 28 is divided by x?
1
Let u(w) = 5*w**2 + 21*w + 8. Suppose -10*j + 16 - 96 = 0. Calculate the remainder when u(j) is divided by 18.
16
Let n = -1494 - -1557. Calculate the remainder when 499 is divided by n.
58
Suppose -22*g + 840 = -14*g. Calculate the remainder when 310 is divided by g.
100
Let q be (-36)/(-8)*(-5 + 7). Suppose -9 - q = -n. What is the remainder when 27/1*2 + -1 is divided by n?
17
Suppose 0 = -2*y - 4*m + 34, 2*m + 1 + 0 = y. Let h(a) = 5*a**2 + 25*a - 28. Calculate the remainder when y is divided by h(-6).
1
Suppose 87 + 189 = 4*m. What is the remainder when m is divided by 7?
6
Let l = 83 - 78. Suppose 2*m = -l*a + a + 138, -5*a = 10. What is the remainder when m is divided by 15?
13
Suppose -9*r + 958 = -545. Calculate the remainder when r is divided by 51.
14
Suppose -10*d + 7*d + 9 = 0. Suppose -d*h + 328 = 5*y, 2*h = -4*y - 20 + 238. Calculate the remainder when h is divided by 38.
35
Let t = 83 - 56. Suppose 4*k - k = t. Let q = 402 - 387. What is the remainder when q is divided by k?
6
Suppose 3*p - 24 = 39. Suppose 0 = 5*w + 2*g - 191, -19*g = -24*g + 15. What is the remainder when w is divided by p?
16
Suppose 4*h - 57 - 111 = 0. Suppose 0 = 7*v - 91 - h. Calculate the remainder when v is divided by 4.
3
Suppose 0 = -4*f - 2*j + 39 + 63, 3*f = -2*j + 76. Suppose -5*d - 128 = -348. Let y = d - -7. What is the remainder when y is divided by f?
25
Let y(i) = -9*i**3 + 2*i**2 - i - 2. Let p be y(-1). Let l = p + 8. What is the remainder when l is divided by 8?
2
Suppose 85*z - 1377 = 34*z. Calculate the remainder when 85 is divided by z.
4
What is the remainder when 1 + -1 - (-10)/30*138 is divided by (-100)/(-6) - (-3)/9?
12
Let a = 11 - 4. Suppose 32 = 2*w - 0*w - 4*k, -2*w + a = k. Calculate the remainder when 23 is divided by w.
5
Suppose -4*n - 3*q = -18, 5*n = -3*q - 2*q + 25. Suppose 4*u - 285 = n*a, -u + 2*a + 70 = a. Calculate the remainder when (1 - 0)*(u - -6) is divided by 28.
25
Let p(o) = -o**3 - 7*o**2 + 15*o + 21. What is the remainder when 80 is divided by p(-9)?
32
Let r(m) = -m**3 + 2*m**3 - 4*m**2 - 14 + 17*m - 4 - 12*m**2. Let d be 2/(-4) + 31/2. Calculate the remainder when r(d) is divided by 5.
2
Let q = 0 + -10. Let k = q - -17. Let i(r) = -r + 15. Calculate the remainder when 23 is divided by i(k).
7
What is the remainder when ((-105)/(-6))/((-4)/(-40)) is divided by 82?
11
Let n(s) = -6*s - 66. What is the remainder when n(-16) is divided by 14?
2
Let d = 6 - -23. What is the remainder when d is divided by 12/(-5 - (-69)/12)?
13
Let o = 5 + 4. Suppose 2*p + 4*m - 2 = 6, -5*m + 12 = 3*p. Suppose 5*g + 1 = a - p, 4*a - 5*g - 20 = 0. What is the remainder when o is divided by a?
4
Suppose 6*r - 5*s + 197 = 8*r, r - 2*s - 121 = 0. What is the remainder when r is divided by 4?
3
Suppose -584 = -3*p + 163. Suppose -45 = -5*c + 5*n, 2*n = -4*c + 74 - 8. Calculate the remainder when p is divided by c.
11
Suppose -2*a = a - 378. What is the remainder when a is divided by 8?
6
Suppose 0 = 8*w - 7*w - 107. Calculate the remainder when w is divided by 11.
8
Let w = 3 - 0. Suppose 4*y - 39 = -2*x - x, w*x + y - 30 = 0. What is the remainder when (-2 + 3 - 0)*x is divided by 3?
0
Let x(v) = -6*v - 4. Let a(z) = -z + 1. Let s be a(6). Calculate the remainder when x(s) is divided by 9/(-4)*-2*2.
8
Let m = -926 + 1017. Suppose 57 = 5*x - 2*x. What is the remainder when m is divided by x?
15
Calculate the remainder when 75 is divided by (4*-24)/(-4) - 4.
15
Let y(f) = -f**3 - 4*f**2 + 11*f - 6. Let b be y(-6). Suppose -7*u + 4*u + 4*l + 92 = b, l = 4*u - 140. Calculate the remainder when u is divided by 10.
6
Let j(z) = z**3 + 4*z**2 + 11. What is the remainder when j(0) is divided by 9?
2
Let c = -14 - -18. Suppose c*k - 13 = 27. What is the remainder when 49 is divided by k?
9
Suppose 0 = -4*t - o + 601, 9*t + 2*o + 459 = 12*t. What is the remainder when t is divided by 17?
15
Calculate the remainder when 68 is divided by (1 - 1472/(-40)) + (-1)/(-5).
30
Let v = 65 + -65. Let d = 5 - v. What is the remainder when 21 is divided by d?
1
Suppose -24 = 4*m - 6*m. Let t be (712/10)/(-2*(-1)/5). Suppose -4*n = 3*l - t, 6*l + 3*n - 293 = l. What is the remainder when l is divided by m?
10
Suppose 5*y - 5*v - 80 = 0, 3*y = 2*v - v + 58. Let r = y + -10. Calculate the remainder when 30 is divided by r.
8
Let t(k) be the third derivative of -1/12*k**5 + 0*k - 1/120*k**6 + 13*k**2 - 1/4*k**4 + 0 - 5/6*k**3. What is the remainder when 11 is divided by t(-4)?
2
Calculate the remainder when 326 is divided by (2/(-3))/((-70)/8715) + 0.
77
Let d(t) = 2*t. Let o = 24 + -24. Let k be d(o). Suppose k = l - 6*v + v - 44, -l - 3*v = -4. Calculate the remainder when 75 is divided by l.
18
Let s(x) = 11*x - 49. Calculate the remainder when 8/(-44) + 664/22 is divided by s(6).
13
Suppos